{"id":11,"date":"2022-10-25T19:12:29","date_gmt":"2022-10-25T17:12:29","guid":{"rendered":"http:\/\/annasoldano.com\/?page_id=11"},"modified":"2022-10-25T19:34:16","modified_gmt":"2022-10-25T17:34:16","slug":"a-propos","status":"publish","type":"page","link":"https:\/\/annasoldano.com\/index.php\/a-propos\/","title":{"rendered":"\u00c0 propos"},"content":{"rendered":"\n<h3 class=\"wp-block-heading\">La musique, une histoire de vibrations, comme le dessin et la peinture d\u2019ailleurs.<\/h3>\n\n\n\n<p>L\u2019histoire du piano est aussi celle d\u2019une machine myst\u00e9rieuse, cach\u00e9e. Mon id\u00e9e est au contraire de mettre en lumi\u00e8re cette incroyable m\u00e9canique, de rendre visible les mat\u00e9riaux qui la constituent.<\/p>\n\n\n\n<p>Un assemblage complexe de textures aux caract\u00e8res si diff\u00e9rents!<br>Les nuances chaleureuses du bois, le brillant froid de la fonte, le tendre  moelleux des feutres, le satin des cuirs, la tension r\u00e9p\u00e9titive des cordes d\u2019acier et de cuivre, sont pour moi une source infinie d\u2019interpr\u00e9tation.<\/p>\n\n\n\n<p>C\u2019est \u00e0 l\u2019occasion d\u2019une visite d\u2019atelier de restauration de pianos qu\u2019est n\u00e9e cette envie d\u2019en proposer ma propre partition.<\/p>\n\n\n\n<p>Apr\u00e8s des ann\u00e9es d\u2019\u00e9tudes de mod\u00e8les vivants, peintures animali\u00e8res, v\u00e9g\u00e9tales et botaniques, mon \u0153il s\u2019est arr\u00eat\u00e9 sur ces m\u00e9canismes fascinants.<\/p>\n\n\n\n<p>Les dessins expos\u00e9s sont r\u00e9alis\u00e9s avec de la poudre de pastel, appliqu\u00e9e au doigt, ce qui me permet de magnifier le rendu des textures. Les petites aquarelles, quant-\u00e0-elles, jouent davantage sur les nuances de lumi\u00e8res des<br>marteaux. Ma passion occupe une grande partie de mon temps libre !<\/p>\n\n\n\n<p>Enfin, tous mes remerciements \u00e0 l\u2019un de mes professeurs, Emmanuelle Perat, qui m\u2019a transmis son go\u00fbt pour le pastel sec et la po\u00e9sie des machines.<\/p>\n","protected":false},"excerpt":{"rendered":"<p>La musique, une histoire de vibrations, comme le dessin et la peinture d\u2019ailleurs. L\u2019histoire du piano est aussi celle d\u2019une machine myst\u00e9rieuse, cach\u00e9e. Mon id\u00e9e est au contraire&#8230;<\/p>\n","protected":false},"author":2,"featured_media":0,"parent":0,"menu_order":0,"comment_status":"closed","ping_status":"closed","template":"","meta":{"footnotes":""},"class_list":["post-11","page","type-page","status-publish","hentry"],"_links":{"self":[{"href":"https:\/\/annasoldano.com\/index.php\/wp-json\/wp\/v2\/pages\/11","targetHints":{"allow":["GET"]}}],"collection":[{"href":"https:\/\/annasoldano.com\/index.php\/wp-json\/wp\/v2\/pages"}],"about":[{"href":"https:\/\/annasoldano.com\/index.php\/wp-json\/wp\/v2\/types\/page"}],"author":[{"embeddable":true,"href":"https:\/\/annasoldano.com\/index.php\/wp-json\/wp\/v2\/users\/2"}],"replies":[{"embeddable":true,"href":"https:\/\/annasoldano.com\/index.php\/wp-json\/wp\/v2\/comments?post=11"}],"version-history":[{"count":3,"href":"https:\/\/annasoldano.com\/index.php\/wp-json\/wp\/v2\/pages\/11\/revisions"}],"predecessor-version":[{"id":82,"href":"https:\/\/annasoldano.com\/index.php\/wp-json\/wp\/v2\/pages\/11\/revisions\/82"}],"wp:attachment":[{"href":"https:\/\/annasoldano.com\/index.php\/wp-json\/wp\/v2\/media?parent=11"}],"curies":[{"name":"wp","href":"https:\/\/api.w.org\/{rel}","templated":true}]}}